 r(p) = 3*p**2 + 20*p - 24. What is the remainder when r(k) is divided by 20?
19
What is the remainder when (184032/(-1728))/((-2)/(-4) - 1) is divided by 8?
5
Suppose -g + 151 = -2*i - 140, -2*g = -5*i - 577. Suppose 14*f - g + 245 = 0. What is the remainder when 42 is divided by f?
2
Let r be -21*(3/(-1))/((-18)/(-18)). Suppose 6*b - 213 = r. Calculate the remainder when b is divided by 29.
17
Let u(w) = 205*w - 8. Let x be u(-5). Let d = -660 - x. Let k = d - 204. Calculate the remainder when k is divided by 17.
16
Let m(c) = 2*c**2 - 87*c + 716. What is the remainder when 168 is divided by m(35)?
47
Let z = -12113 + 12129. What is the remainder when 7883 is divided by z?
11
Suppose -2*u + 41 = 31, -4*q + 369 = -3*u. Calculate the remainder when q is divided by 14.
12
Suppose 0 = -j + 8*j - 1043. Suppose -n + 5*l = -183, -4*l + 2 = 10. Suppose -7*q + n = -j. What is the remainder when 87 is divided by q?
41
Let u = 10574 + -10390. What is the remainder when 4607 is divided by u?
7
Let q = 2314 + -1043. Suppose -q = -34*y + 1245. What is the remainder when y is divided by 15?
14
Suppose 26 = 3*u - 4*x, 4*x + 43 = 2*u + 19. Suppose o + 208 = u*d, -3*o + 119 = 5*d - 401. Calculate the remainder when 207 is divided by d.
103
Let i = -1306 - -6434. What is the remainder when i is divided by 18?
16
Let z = -138 - -148. Suppose 0 = z*y - 2*y - 240. Calculate the remainder when 59 is divided by y.
29
Let m(y) = 2*y**3 + 4*y**2 + 2*y - 1. Let t be m(-1). What is the remainder when (54/5)/((-2)/(-10)) is divided by (-22 - -21)/(t/19)?
16
Let m be (6*(-8)/32)/((-3)/16). Let k(i) = 34*i - 26. Let c be k(m). Calculate the remainder when 27 is divided by c/14 - 2 - 4/7.
12
Let z(x) = -8*x - 15. Let l be z(5). Let v = l - -57. What is the remainder when 17 is divided by v?
1
What is the remainder when (-6)/(-75) - (-8 - 43199/325) is divided by 31?
17
Let t = -684 + 1661. What is the remainder when t is divided by 36?
5
Suppose v - 7*u + 3*u + 15 = 0, 0 = 5*v + 5*u + 25. Calculate the remainder when 1853/4 + v/(-4) is divided by 52.
49
Let a be (12/4)/(51/(-34)). Calculate the remainder when (3 + a/2)/((-2)/(-39)) is divided by 7.
4
Let u = -405 + 241. Let c = u + 239. Calculate the remainder when c is divided by 27.
21
Let h(v) = -66*v + 7. Let i be h(-2). Let f = i + 36. Let s = f - 121. Calculate the remainder when s is divided by 29.
25
Suppose c - 7 = -4*v + 5*v, v + 2*c - 5 = 0. Let z = v - -22. Calculate the remainder when (-1)/(3/(477/(-3))) is divided by z.
15
Let q(z) = -3*z - 58 - 40 + z**2 - 78 + 33. What is the remainder when 42 is divided by q(14)?
9
Suppose 0 = -t - 2*q - 15, -2 = 4*q + 18. What is the remainder when (-1583)/t - 6/(-15) is divided by 53?
52
Let f be ((-162)/(-42) - 1)/((-4)/14). Calculate the remainder when 27 is divided by -14 - -9 - (-5)/(f/(-22)).
3
Suppose -9*m - 115 + 8404 = 0. Let h = m - 902. Calculate the remainder when 282 is divided by h.
16
Suppose 83*o - 10 = 93*o. Let z(b) = -93*b - 24. Calculate the remainder when 343 is divided by z(o).
67
Let r(o) = -239*o - 1100. Calculate the remainder when r(-6) is divided by 4.
2
Let b(n) = 2*n**2 + 12 - 2*n**3 + n**3 + 8*n - 3*n. Let w(i) = 6*i**2 + 86*i + 24. Let m be w(-14). What is the remainder when b(m) is divided by 23?
19
Let y = -16 + 33. Calculate the remainder when -5*(-6)/(-45) - (-700)/6 is divided by y.
14
Let s = 890 - 696. Suppose -5*o + 12*o - 315 = 0. What is the remainder when s is divided by o?
14
Suppose -4*r - 3*j + 97 = 0, j + 2*j = -r + 22. Suppose 3*b + g - 678 = 0, -131 + 803 = 3*b - g. Let l = -177 + b. What is the remainder when l is divided by r?
23
Let b(f) = -62*f - 2289. Calculate the remainder when b(-45) is divided by 84.
81
Let t = 138 + -110. Suppose 3*z = 2*m - 0*z - 204, 3*m - 304 = 5*z. Calculate the remainder when m is divided by t.
24
Let x = -19 - -36. Let r(l) = -3*l**2 - 38*l + 131. Calculate the remainder when r(-11) is divided by x.
16
Let i be (0 + 14/(-4))/((-7)/28). Calculate the remainder when ((-5)/(-15))/(i/12222) is divided by 101.
89
Suppose -3*p = -7*z - 784, -3*p - 16*z + 15*z = -728. What is the remainder when 1147 is divided by p?
167
Let m = 399 + -395. Suppose 4*p - l - 398 = l, 20 = m*l. Calculate the remainder when p is divided by 21.
18
What is the remainder when (-1 - -3)/(28/84)*354/4 is divided by 138?
117
Let b = 97 + 29. Let g(i) = 4*i + 3. What is the remainder when g(6) is divided by (-1)/((-36)/b*(-1)/(-2))?
6
Suppose 3*g - g = 106. Calculate the remainder when g is divided by (32/6)/(3/(-30)*(-125)/75).
21
Let i = -3145 + 1597. What is the remainder when (-1)/(1 - i/(-1542)) is divided by 17?
2
Let x(f) be the third derivative of f**5/60 + 2*f**4/3 + 29*f**3/6 - 2*f**2 - 103*f. Calculate the remainder when x(-18) is divided by 1.
0
Let z = -37098 - -37124. Suppose 0 = -2*x - n + 470 - 60, -410 = -2*x + n. Calculate the remainder when x is divided by z.
23
Let f(q) = -3*q**2 + 70*q + 56. Let i be f(31). Let l = i - -664. What is the remainder when 158 is divided by l?
4
Suppose 56*i = -n + 53*i + 1628, -2*n = 4*i - 3244. Calculate the remainder when n is divided by 9.
8
What is the remainder when 8/((-8)/(-7)) - -152 is divided by 63?
33
Let k be 7 + -6 - 6 - -117. Suppose 78*y = 62*y + k. Calculate the remainder when 187 is divided by y.
5
Let s = 218 + -214. Suppose -2*g = h - 57, g - 4*g - s*h = -83. What is the remainder when 50 is divided by g?
21
Suppose 2*m + 157 = 485. Suppose -3*j + m = n, 4*j + n = 212 + 7. Calculate the remainder when j is divided by 19.
17
Let u(k) = -41*k - 816. What is the remainder when 868 is divided by u(-20)?
0
Let g = -5304 - -5354. Calculate the remainder when g is divided by 2/(-4)*(4 - 40).
14
Let h(t) = t**3 + 55*t**2 + 55*t + 57. Let a be h(-54). What is the remainder when 1029 is divided by a*(8 - (-62)/3)?
83
Let l be (-18)/153 - 2/(-17). Suppose l = -3*c + 6, -3*f = -7*c + 4*c - 63. Calculate the remainder when 181 is divided by f.
20
Suppose -50 = t - 6*t. Let c(f) = 530*f - 35733. Calculate the remainder when c(68) is divided by t.
7
Let s = -7122 - -8746. What is the remainder when s is divided by 808?
8
Suppose -11*t - 45080 = 35*t. Let h = 1008 + t. What is the remainder when h is divided by 7 - (1 - 0)/(-1)?
4
Let a = -2410 + 2559. What is the remainder when a is divided by 39?
32
Let p(k) = 8*k**2 + 16485*k - 11*k**3 - 3 - 16470*k - k**2. Calculate the remainder when p(-2) is divided by 7.
6
Suppose -54*j + 22871 + 9728 = 2953. Calculate the remainder when j is divided by 27.
9
Let s = -76 - -95. Calculate the remainder when (1 - 64)*((-288)/(-18) + -17) is divided by s.
6
Suppose 139 = 7*x - 22. Let d(z) = -2*z + 79. Calculate the remainder when d(12) is divided by x + -2 - (-2)/(-1).
17
Suppose 0 = -188*w + 3084 + 864. Let u = -9 + 13. Suppose -u*k - 178 = -2*r, 0*k = r - 3*k - 93. What is the remainder when r is divided by w?
18
What is the remainder when (226/452)/((-631)/1902 + 2/6) is divided by 13?
5
Suppose 26*r - 5557 - 6361 = 978. Calculate the remainder when r is divided by 84.
76
Let c = -63 + 189. Suppose -4*v - 50 = -c. Suppose 2*x + 5 = 21. What is the remainder when v is divided by x?
3
Calculate the remainder when (-2238)/(-14) - (-27)/189 is divided by ((-120)/32)/(6/(-8)).
0
Let l(y) be the second derivative of -y**4/6 + 11*y**3/3 - 7*y**2/2 - 91*y. What is the remainder when l(6) is divided by 39?
14
Let y = 173 - 89. Let h(a) be the second derivative of 43*a**5/20 + a**4/12 + a**3/6 - a**2 + 3*a - 6. Calculate the remainder when y is divided by h(1).
41
Suppose 4612*a = 4371*a + 1205. Calculate the remainder when 258/(-4)*(1 + -3) is divided by a.
4
Suppose -40*y = -24*y - 558 - 4578. What is the remainder when y is divided by 33?
24
Suppose 32*v - 5*v + 108 = 0. Let d = 72 - v. Suppose 0*f - 2*f = -40. What is the remainder when d is divided by f?
16
Let o(c) = -30*c - 283. Calculate the remainder when 706 is divided by o(-10).
9
Suppose 11*j + 0 + 572 = 0. Calculate the remainder when -1*-4*j/(-8) is divided by 10.
6
Suppose -7*g + 15*g = 1912. Let v(t) = 3*t**2 + 12. What is the remainder when g is divided by v(0)?
11
Suppose -3 = -p + 3*d - 12, 4*d - 2 = 3*p. Suppose 21*j = 23*j + 2*l - 98, -5*l + 198 = 4*j. What is the r